(x) = 2*x - 8. Let n(p) = -5*u(p) - 6*w(p). Suppose 0 = -g - g - 20. Let t be (-6)/10 + 14/g. Determine n(t).
-3
Suppose -w = 2*w + 36. Let d be (-26)/(-6) - 8/w. Let z(q) = -q - 1. Let x(m) = -5*m - 1. Let a(b) = x(b) - 4*z(b). Give a(d).
-2
Let v(r) = -r**3 + 4*r**2 + 6*r - 7. Let c = 3 + -2. Let y = c + 3. Suppose -y*q + 10 = -2*q. Give v(q).
-2
Let z(q) = -9*q - 1. Suppose -9 = s + 4*w + 2, 5*s + 4 = -3*w. Calculate z(s).
-10
Let d = 22 - 17. Let p(t) = -t**2 + 6*t - 6. Calculate p(d).
-1
Let i(d) = 6 - 2 + d - 2*d. Let q = -31 + 37. Give i(q).
-2
Let o(c) be the second derivative of c**4/6 + 3*c**3/2 - 5*c**2 - 3*c + 7. Determine o(-7).
25
Let f(b) be the third derivative of -b**6/20 + b**4/12 + b**3/3 + 6*b**2. Let n(p) = 5*p**3 - p**2 - p - 1. Let j(l) = 4*f(l) + 5*n(l). Calculate j(4).
-1
Let v(j) = -j + 17. Suppose 5*i = -y + 1, -3 = -2*i - 3*y - 0*y. What is v(i)?
17
Let p(b) = b**2 - b. Let o(q) = -q**2 + q - 3. Let z(a) = -o(a) - 2*p(a). Suppose 8*s + 15 = 3*s. Calculate z(s).
-9
Suppose 0 = 6*f - 69 + 57. Let n(o) be the first derivative of 11*o - 2 + 1/2*o**f. Give n(-5).
6
Suppose 0*t + 4*t = 0. Let v be t + (-1 - (-2 + 0)). Suppose -i = 1 + v. Let w(x) = 3*x. Calculate w(i).
-6
Let y(t) = -t + 10. Let o = 27 - 27. Give y(o).
10
Let p(u) be the second derivative of -u**2 + 6*u + 0 + 1/2*u**3. Determine p(2).
4
Suppose -2*p - 2*y + 1 = p, 4*p - 5*y = 9. Let o(g) = -g + g**2 + 7*g + 3 + p. Let f(l) = -5*l**3 + 2*l - 1. Let n be f(1). What is o(n)?
-4
Let o(t) = t**3 - 4*t**2 - 5*t + 2. Let v(q) = q**3 + 6*q**2 - q - 3. Let h be v(-6). Suppose h*a - 6 - 9 = 0. Calculate o(a).
2
Let t(u) be the third derivative of -u**6/360 - u**5/60 + u**4/24 - 6*u**2. Let g(n) be the second derivative of t(n). Determine g(-5).
8
Let f(p) = -p**2 + 4. Let t be ((-12)/2)/(6/(-4)). Suppose 0 = 5*v - 10, -t*v = -w - 2*v - 7. Calculate f(w).
-5
Let u(v) = v**3 - 3*v**2 + v - 4. Suppose o = 9 - 6. Give u(o).
-1
Let x(d) be the third derivative of d**4/24 + 2*d**3/3 + d**2. Let m(p) = 6*p + 2. Let c be m(-1). What is x(c)?
0
Let w(q) be the second derivative of q**5/60 + q**2/2 + 2*q. Let f(k) be the first derivative of w(k). Let x(y) = 3*y - 1. Let b be x(1). Give f(b).
4
Suppose 4*y - 44 = -4*k + 80, -5*y - 2*k = -155. Let o(r) = -r**2 + 0*r + y + 5*r - 23. Give o(7).
-6
Let o(n) = -n**3 + n**2 + n - 1. Let f be o(1). Let v = 1 + 2. Let g(b) = 6 - b**2 + 4*b - 3 - v*b. Determine g(f).
3
Let c(y) = 13*y**2 + y + 1. Let d be (1 - 3)*(-1)/(-2). What is c(d)?
13
Let q(b) = b**2 + 2*b - 18. Let c be q(-6). Let p(y) = y - 2. Calculate p(c).
4
Let o(r) = 6*r**2. Let n be 3*((-2)/6 + (-4)/(-6)). Determine o(n).
6
Let k(q) = 4*q + 1 - 3*q + q**2 + q. Let z = 3 - 6. What is k(z)?
4
Let m(y) = -12*y - 47. Let h be m(-4). Let u(q) = 4 - 5 - 3*q + q**3 + 4*q. Determine u(h).
1
Let l = 4 - 2. Let s be (l - 2/1) + 4. Let y(v) be the second derivative of v**4/12 - 2*v**3/3 + v**2 - 2*v. What is y(s)?
2
Let i(g) = -10*g**2 - g + 1. Let f be 23/(-7) + 4 - 2/(-7). Give i(f).
-10
Let d(x) = -6*x - 16. Let z(f) be the first derivative of f**2/2 + 3*f + 3. Let i(s) = 4*d(s) + 22*z(s). Determine i(4).
-6
Let d(w) = -w**3 + 4*w**2 + 4*w. Suppose -3*i + 18 - 3 = 0. Give d(i).
-5
Let x = 5 - 1. Suppose -y - s + 10 = 3*y, x*s + 2 = 5*y. Let a(r) = 2*r + 1. What is a(y)?
5
Let p be (-2)/4 + (-22)/(-4). Suppose 4*d - 3 - p = 0. Let u(n) = -2*n**2 + d*n**3 + 0*n**2 + 4 - 3. Give u(-1).
-3
Let n(o) = -7*o**2 - 15. Let y(u) = 4*u**2 + 8. Let j(h) = 3*n(h) + 5*y(h). What is j(0)?
-5
Let l(j) be the third derivative of j**6/120 - j**5/12 - j**4/6 - 7*j**3/6 - 7*j**2. Give l(6).
5
Let v(q) = 10 + 7*q**2 + 8*q**2 - 21*q**2 + q**3 + 13*q**2 - 7*q. Calculate v(-8).
2
Let g(j) be the third derivative of -j**6/360 + j**5/24 + j**4/24 + 2*j**3/3 + j**2. Let r(d) be the first derivative of g(d). Calculate r(4).
5
Let i = -69 - -77. Let n(q) = -q**2 + 9*q - 3. Give n(i).
5
Suppose 5*a - i - 35 = 0, i = -4*a + 3*i + 34. Let q(x) = x - 3. Let d(h) = 2*h - 5. Let y(l) = 3*d(l) - 5*q(l). Give y(a).
6
Let w(n) = -n**2 + 4*n + 7. Let b(a) = -a**2 + 20*a - 29. Let h be b(18). Determine w(h).
-14
Let g(h) = h + 4. Let y(k) = -3*k - 5. Let z(a) = -3*g(a) - 2*y(a). Determine z(-2).
-8
Let m(z) = z**2 + 2*z - 3. Let r = -74 + 76. Give m(r).
5
Let p = -1 - 3. Let d(g) = g + 1. Determine d(p).
-3
Let x(n) = n. Let q be x(-6). Let l(o) = o**3 + 6*o**2 - 8. Determine l(q).
-8
Suppose y = -4*y + 30. Let a(u) be the third derivative of 0*u - u**2 + 0*u**3 + 1/12*u**5 - 1/120*u**y + 0 - 1/8*u**4. Determine a(4).
4
Suppose 2 = -j - 2. Let m(r) = -2*r + 1. Give m(j).
9
Let s(w) = w**3 - w**2 - w + 1. Let h(a) = 5*a**3 - 5*a**2 - 2*a + 4. Let b(j) = -h(j) + 4*s(j). Let z(o) = 3*o**3 - o**2 + o - 1. Let x be z(1). What is b(x)?
-8
Let r(y) = y + 1. Let c(g) = -4. Let j(d) = -c(d) - 3*r(d). Determine j(-1).
4
Let x(c) = -c**3 + 6*c**2 + 4. Suppose 0*k + 18 = 3*k. Let d be x(k). Let r(t) = 1 + 2*t - d*t + t. Determine r(3).
-2
Let n(k) = 3*k - 6. Let q be n(7). Suppose -2*j - j = -q. Let m(a) = 7 + a**2 + 2 - 5*a - j. Give m(5).
4
Let h = 0 - 3. Let y(j) = -2*j + 77*j**2 - 151*j**2 + 73*j**2 + 2. What is y(h)?
-1
Let n(d) be the first derivative of 0*d + 1/6*d**3 - 1/2*d**2 + 1/24*d**4 + 1. Let t(i) be the second derivative of n(i). Determine t(-3).
-2
Let b(r) be the first derivative of r**2/2 - 7*r + 3. What is b(7)?
0
Suppose 3*v = 4*z, -5*v + 32 = 3*z + z. Let x(i) = -z*i + 3 + 3 + 2*i. Give x(0).
6
Let i be 14/(-4) + (-1)/2. Let o(g) be the first derivative of g**3/3 + 2*g**2 + 2*g + 26. Determine o(i).
2
Suppose -10 = v - 4*u, 3*v - 4*u = 4*v - 14. Let r(x) = -x**3 + 4*x**2 + 5*x + 3. Let z be r(5). Let k(y) = -y**3 - z - 2*y - 2*y - 3*y**v + y**2. Give k(-2).
5
Let v(i) = -50*i + 46*i + 1 - 3. What is v(-2)?
6
Let k(u) = -4*u + 1. Let b(z) = z - 1. Let n be b(2). Let t be (-56)/(-24) + n/(-3). Determine k(t).
-7
Let j(a) = 4*a - 1. Let f be (-3 + 3)*(-1)/2. Let p(b) = f*b**2 - 3*b**2 + b**2 + 13*b - 3 + 3*b**2. Let r(d) = 7*j(d) - 2*p(d). What is r(2)?
-5
Let d(x) = -x**2 - 3*x + 1. Let w be ((-12)/10)/((-12)/80). Suppose 0 = 2*i - 0*i + w. Calculate d(i).
-3
Let v(x) = -x + 5. Let m(d) = 2*d - 9. Suppose -5*o - 2*b = 32, -29 = 5*o - 0*o - b. Let n(j) = o*m(j) - 11*v(j). Let y = 32 - 34. Determine n(y).
1
Suppose l = -0*d + 4*d - 11, -4 = -5*d - 2*l. Let t(c) = -2*c + d*c - 4 - c + 0*c. Determine t(-4).
0
Let j be ((-7)/7)/(0 + -1). Let q = j + 2. Let k(v) = 4*v - 2. Give k(q).
10
Let u(l) = 5*l**3 + 20*l**2 - 21*l - 4. Let h(q) = q**3 + 5*q**2 - 5*q - 1. Let j(a) = -9*h(a) + 2*u(a). Give j(4).
-3
Let v(f) be the third derivative of -f**4/24 - 7*f**3/6 - 2*f**2. What is v(-6)?
-1
Let n(x) = x**2 - 3*x - 13. Let t(f) = 3*f**2 - 7*f - 25. Let m(g) = 5*n(g) - 2*t(g). Determine m(0).
-15
Let h(g) = g**2 - 6*g + 2. Let f be h(5). Suppose 2*u - 3*u = -4*j, -3*j - 3*u = 0. Let k = f - j. Let t(x) = 2*x. Determine t(k).
-6
Let q(w) = -3. Let n(l) = l - 8. Let o(s) = 3*n(s) - 8*q(s). Determine o(4).
12
Let x = -2 - -4. Suppose -19 = -4*f - 3. Let n(w) = 4 - f - 4 - w**2 + 3*w + 1. Calculate n(x).
-1
Suppose -4*u - 4 = -4*p + 4, u - 5*p = -2. Let w(c) = -3*c - 1. What is w(u)?
5
Let i(c) = -2*c + 12. Let r(f) = -1. Let q = -3 + 33. Suppose u + 2*u + q = 0. Let x(b) = u*r(b) - i(b). Give x(3).
4
Let i(j) = -7*j**3 + j**2 + 2. Let f(v) = -v**3 + v**2 - v + 1. Let n(y) = -6*f(y) + i(y). Suppose -5*r = -10*r - 30. Determine n(r).
-4
Let z(b) = -b**2 + 4*b + 4. Let d(a) = a + 1. Let w(h) = -2*d(h) - z(h). Suppose 2*x - 7 = x. Let u be w(x). Let i(r) = -2*r**2 + 1. Calculate i(u).
-1
Suppose 15 = 5*i - 10*i. Let j(s) = -s**3 - 5 + 0*s**2 + 5 - 3*s**2 + 2. Determine j(i).
2
Let o be (-12)/54 + (-13)/(-18). Let t(g) be the third derivative of o*g**3 - 1/12*g**4 + 0 - 2*g**2 + 0*g. Determine t(4).
-5
Let a = -6 - -8. Let k(q) = 5*q + 0*q - q - a. What is k(2)?
6
Let z(r) = -r. Let c be z(-5). Let i(n) = -n**2 + 2*n + 4. Determine i(c).
-11
Suppose 0 = -a - 3*a - 72. Let c = a + 16. Let z(g) = 3*g**2 + 3*g. Calculate z(c).
6
Let r = 5 - 4. Suppose -r + 3 = t. Let g(d) = d**3 + d - 2. Determine g(t).
8
Let o be 4 + -2*3/(-6). Let j = 2 - o. Let q(z) = -3*z**2 - 4*z + 3. Let y(a) = a**2 + a - 1. Let l(i) = q(i) + 2*y(i). What i